-1 + 19/5)/((-4)/(-10)) is divided by o(1).
2
Suppose 9 = -2*w - 19. Let d = w + 38. Suppose -d = 4*k - 6*k. What is the remainder when 23 is divided by k?
11
Suppose 0 = 2*i - 4*i + 4. Suppose -n - i*n + 90 = 0. What is the remainder when n is divided by 16?
14
Let r(h) = -h**2 + 5*h + 2. Let s be r(6). What is the remainder when 2*(0 - 58/s) is divided by ((-4)/(-2))/(-2)*-10?
9
Let r be 1*-3*(-188)/6. Suppose -4*h + 0 = -12. Suppose h*m = -16 + r. What is the remainder when m is divided by 9?
8
Let w(m) = -m**3 + 3*m**2 + 5*m - 4. Let k be w(4). Let g(n) = 12*n - n**2 - n + k*n**2. Calculate the remainder when 28 is divided by g(10).
8
Calculate the remainder when 680/16 + (-6)/4 is divided by 11.
8
Suppose 5*d - 4*k + 2*k - 63 = 0, 2*d - 3*k - 23 = 0. Calculate the remainder when 35 is divided by d.
9
Calculate the remainder when 90 is divided by ((-25)/10 + 2)/((-2)/28).
6
Let d be -3*4/6 + 62. Suppose -9*m + d = -5*m. What is the remainder when 72 is divided by m?
12
Let g(p) = p**3 + 4*p**2 - 4 + 0*p**3 - 5*p**2. Let t be g(0). Calculate the remainder when 3*(t/(-3) - -1) is divided by 4.
3
Let h = -42 - -93. Suppose -2*k + h + 85 = 0. Suppose 3*r + 3*w = 51, -4*r - 2*w + 0*w + k = 0. What is the remainder when r is divided by 6?
5
Let d = -41 + 54. Calculate the remainder when 46 is divided by d.
7
Let p = 41 - 2. Calculate the remainder when p is divided by 20.
19
Suppose 5*y - 2*i - 1228 = 0, -2*y - y = -4*i - 734. What is the remainder when y is divided by 62?
60
Let d = -4 + 22. Calculate the remainder when (3 - 2)*70/2 is divided by d.
17
Let u = 0 + 4. Suppose 0 = u*z - z - 6. Suppose 0*x - z*x + 8 = 0. What is the remainder when x is divided by 3?
1
Let p(r) = 5*r - 5. Let k(d) = d**2 + 2*d - 7. Calculate the remainder when p(4) is divided by k(-5).
7
Suppose -w + 0*l - 5*l = -16, l + 48 = 3*w. Let g(p) = p + 19. What is the remainder when w is divided by g(-13)?
4
Let o(t) = t**3 - 15*t**2 + 15*t + 7. Let c = 20 - 12. Calculate the remainder when o(14) is divided by c.
5
Let g = -17 - -46. What is the remainder when g is divided by 10?
9
Let q(x) = -3*x**2 - x - 1. Let l be q(-1). Let n = 12 + -12. Let s = n - l. What is the remainder when 8 is divided by s?
2
Let p(z) = z**2 - 5*z - 2. Let q = -5 + 12. What is the remainder when 23 is divided by p(q)?
11
Let p(v) = -2*v**3 - 6*v**2 - 2*v + 1. What is the remainder when p(-4) is divided by 15?
11
Let d = -1 + 10. What is the remainder when 43 is divided by (-6)/9 - (-105)/d?
10
Calculate the remainder when 19 is divided by 3/(4 + (-111)/30).
9
Suppose f - 32 = -3*f. Suppose -c + 0*c + f = 0. What is the remainder when 14 is divided by c?
6
Let u be (-1)/(-3) - 20/(-12). Let o be 18/1*3/u. Suppose 0 = 2*x + o - 79. Calculate the remainder when x is divided by 14.
12
Let v = -68 + 73. Calculate the remainder when 13 is divided by v.
3
Suppose 2*y + 13 = 3*s, -4*y + 0*s + 1 = 3*s. What is the remainder when (-12)/(-42) - (-33)/7 is divided by (-1)/((-4 - y)/6)?
2
Let c = 2 - -23. Let r be 2*-5*2/(-5). Suppose 5*s + r*b - 46 = 11, 0 = -s + 3*b. Calculate the remainder when c is divided by s.
7
Let l(n) = 35*n - 15. Let c(v) = 9*v - 4. Let a(f) = 9*c(f) - 2*l(f). Let k be a(-8). Let y = k - -150. Calculate the remainder when y is divided by 19.
18
Let a be 1*(316*1)/2. Let k = a + -90. Suppose 4*m = -12, m = -4*x + k + 33. Calculate the remainder when x is divided by 9.
8
Let m be ((-16)/20)/((-2)/5). Suppose -3*x - 2*x + 25 = 0, -55 = -m*k - 3*x. Let w(c) = -c**2 + 7*c - 3. Calculate the remainder when k is divided by w(5).
6
Let r be 66/14 + 4/14. Let p be (-106)/(-13) - 18/117. Let j = p - r. What is the remainder when j is divided by 2?
1
Let z be (-1)/(-2)*(-4)/2. Calculate the remainder when z*(-32)/12*3 is divided by (-1)/((-2)/10*1).
3
Suppose 2*k - 3 = 1. Suppose m = 4*t, k*t = -2*m - 0*m. Suppose 4*x + 4*o - 16 = 0, o - 4*o + 6 = t. What is the remainder when 4 is divided by x?
0
Suppose 0 = -2*x - 6, x = 5*z - 77 + 14. Let m(c) = c**3 - 8*c**2 + 11*c - 6. What is the remainder when m(7) is divided by z?
10
Let z(v) = v**3 - 7*v**2 + 2*v - 1. Let t be (-3)/6*-2 - -6. What is the remainder when 49 is divided by z(t)?
10
Let c = -35 + 49. Calculate the remainder when 38 is divided by c.
10
Suppose 4*q = -2*w + 10, -2*q = -3*q + 5*w + 8. Suppose 3*y - q*i - 30 = 0, 2*y + 3*i - 13 = -2*i. Calculate the remainder when y is divided by 3.
0
Suppose -3*q + 11 - 119 = -5*p, -2*p = -3*q - 36. What is the remainder when p/3 + 2*-1 is divided by 4?
2
Suppose 0 = -6*w + 3*w. Suppose w*s - 3*s = -111. Calculate the remainder when s is divided by 10.
7
Let k(w) = -40*w**3 - w**2. Let m be k(1). Let u be (m/1 + 2)*-1. Let c = -4 + u. What is the remainder when c is divided by 9?
8
Suppose 0*v + 3*v - 39 = 0. Suppose -2*m + 3*m - 3*c = 40, 5*m - 2*c = 187. What is the remainder when m is divided by v?
11
Let p = 11 + 2. Calculate the remainder when 23 is divided by p.
10
Let s(n) = -3*n + 31. Calculate the remainder when s(-9) is divided by 16.
10
Suppose -7*i = -104 - 246. Calculate the remainder when i is divided by 18.
14
Suppose -6*z = -8*z + 32. Calculate the remainder when 29 is divided by z.
13
Let d(w) = w. Calculate the remainder when 22 is divided by d(8).
6
Let c = 3 + -11. Let b be (37 + -1)/(c/(-36)). Suppose 0 = -n - a + 23, 4*n - 2*a + 64 - b = 0. What is the remainder when n is divided by 9?
6
Suppose 2*x = 38 - 8. Calculate the remainder when 57 is divided by x.
12
Let b = 20 + -8. What is the remainder when 57 is divided by b?
9
What is the remainder when 33 is divided by 3/(-2)*136/(-12)?
16
Let f be 2 - (-3 - -2) - 1. Suppose 0*r + f*r - 24 = 0. Calculate the remainder when 35 is divided by r.
11
Suppose 0 = -3*b + f + 41, 4*b - 2*f + 6*f = 44. Calculate the remainder when 233 is divided by b.
12
Suppose 4*j - 31 - 49 = 0. Suppose -3*s + 0*s = -33. What is the remainder when j is divided by s?
9
Let w(l) = l**3 + 2*l**2 - l + 1. Let n be w(-3). Let g = n - -12. Suppose 0 = 3*h + h - 16. What is the remainder when g is divided by h?
3
Suppose 0 = -2*b - 3*b + 660. What is the remainder when b is divided by 45?
42
Let t = 88 + -83. Calculate the remainder when (-2)/1*(-6 - 1) is divided by t.
4
Suppose 5*d = 5*f + 44 + 11, d = -2*f + 17. Calculate the remainder when 37 is divided by d.
11
Let k(p) = 2*p + 1. Let o be k(1). Suppose o*c = c + 36. Calculate the remainder when 53 is divided by c.
17
Suppose -w - 3 = 2*s + 1, 0 = -s - 4*w - 16. Suppose 10*g - 8*g - 138 = s. Calculate the remainder when g is divided by 12.
9
Let a = 6 - 3. Suppose 5*v + 2*p - 83 = 0, -12 = 4*v + a*p - 84. What is the remainder when 43 is divided by v?
13
Let t(m) = m**3 + 12*m**2 - m - 9. Let u be t(-12). Suppose 0*c = -u*c + 24. What is the remainder when 15 is divided by c?
7
Let b be 0 + (-2 - 3)*-1. Suppose -6*q - t = -2*q - 28, -b*q + 5*t = -10. Calculate the remainder when q is divided by 4.
2
Let q = -19 - -26. What is the remainder when 20 is divided by q?
6
Suppose -4*t = -37 + 13. Suppose -5*w + a + 205 = 0, -t*w - 3*a = -w - 185. What is the remainder when w is divided by 14?
12
Let z(q) = q - 1. Suppose l = -2*l + 18. Calculate the remainder when z(17) is divided by l.
4
Let x = -4 - -4. Suppose x = 4*n + 3*r - 147, 143 = 4*n + 2*r + 1. What is the remainder when n is divided by 12?
9
Let n(i) = i + 1. Suppose q + 1 = -3, -q = -3*k + 70. What is the remainder when k is divided by n(7)?
6
Calculate the remainder when 94 is divided by 0 + -1 + 1 - -12.
10
Suppose -3*f + 5*j + 20 = -7, 2*f = 2*j + 22. Let m = 0 - -5. Calculate the remainder when f is divided by m.
4
Calculate the remainder when 84 + (-3 - 18/(-3)) is divided by 30.
27
Let b(q) = q**2 - 2*q + 14. What is the remainder when b(6) is divided by 10?
8
Suppose 5*c = r - 30, 4*r - c + 49 = 6*r. Calculate the remainder when 43 is divided by r.
18
Let l = -6 + 19. Calculate the remainder when 25 is divided by l.
12
Let b = -6 - -8. Suppose -b*h = 7 + 1. What is the remainder when 9 is divided by (-27)/(-6) - (-2)/h?
1
Let z(w) = 2 + w**3 + w**3 - 3*w**3 + 6*w**2 - 5*w + 0*w**3. What is the remainder when 2 is divided by z(5)?
0
Suppose 0 = -4*v - 0*w - w + 95, 0 = 2*v + 2*w - 52. Suppose 3*y + 10 + 47 = 0. Calculate the re